0723 composite?
False
Is 124121 composite?
False
Is 360365 a composite number?
True
Is 30881 composite?
False
Is 62273 prime?
True
Is 2195 a prime number?
False
Is 2099 prime?
True
Is 38747 a prime number?
True
Is 4271 composite?
False
Is 346187 a composite number?
False
Is 7649 a prime number?
True
Is 6131 a prime number?
True
Is 1222563 prime?
False
Is 2627 a prime number?
False
Is 58009 a composite number?
True
Is 1006081 composite?
True
Is 8603 composite?
True
Is 147853 a prime number?
True
Is 450757 a composite number?
True
Is 17126 a prime number?
False
Is 983 a prime number?
True
Is 4863017 composite?
False
Is 123661 a composite number?
False
Is 911111 composite?
False
Is 7639 prime?
True
Is 290761 prime?
True
Is 67447 a prime number?
True
Is 397499 prime?
False
Is 446231 a prime number?
True
Is 3805 composite?
True
Is 16087 a prime number?
True
Is 69313 a composite number?
False
Is 34693 a composite number?
False
Is 9773 a composite number?
True
Is 7937 prime?
True
Is 5482 a prime number?
False
Is 48731 a composite number?
False
Is 2030879 a prime number?
True
Is 63463 a prime number?
True
Is 11467 a prime number?
True
Is 5613 a composite number?
True
Is 54394 a composite number?
True
Is 98887 composite?
False
Is 20201 a prime number?
True
Is 18229 a prime number?
True
Is 18119 a prime number?
True
Is 251 a composite number?
False
Is 5755 prime?
False
Is 55729 prime?
False
Is 7411 a composite number?
False
Is 11863 a composite number?
False
Is 61853 a prime number?
False
Is 70687 a prime number?
True
Is 127 a composite number?
False
Is 31631 a composite number?
True
Is 150619 a composite number?
True
Is 346961 composite?
False
Is 3889 prime?
True
Is 392593 a composite number?
False
Is 34 a prime number?
False
Is 40739 a prime number?
True
Is 157427 prime?
True
Is 3755 a prime number?
False
Is 160658 a composite number?
True
Is 2503 composite?
False
Is 233347 a composite number?
False
Is 8621 a prime number?
False
Is 1476601 prime?
False
Is 5017 composite?
True
Is 603679 composite?
False
Is 64299 a prime number?
False
Is 14419 composite?
False
Is 162109 a prime number?
True
Is 1505279 prime?
True
Is 65677 prime?
True
Is 13117 composite?
True
Is 58943 composite?
False
Is 5737 a prime number?
True
Is 1455721 a prime number?
True
Is 16909 a prime number?
False
Is 1847309 a prime number?
True
Is 211 a prime number?
True
Is 706403 composite?
False
Is 55667 a composite number?
False
Is 3163 a composite number?
False
Is 137321 composite?
False
Is 2896447 a prime number?
True
Is 235147 a prime number?
False
Is 409 prime?
True
Is 382037 a prime number?
True
Is 1031 a composite number?
False
Is 282221 prime?
True
Is 393793 composite?
True
Is 2113903 a prime number?
False
Is 1271941 a composite number?
True
Is 45487 a prime number?
False
Is 946121 prime?
False
Is 4007 a composite number?
False
Is 184231 a composite number?
False
Is 138161 a prime number?
False
Is 2225371 a composite number?
False
Is 118571 composite?
False
Is 404029 a composite number?
False
Is 5003 composite?
False
Is 7067 a composite number?
True
Is 1772923 composite?
False
Is 484999 composite?
False
Is 444253 prime?
True
Is 1039 a composite number?
False
Is 74093 prime?
True
Is 7249 a prime number?
False
Is 186103 a composite number?
False
Is 95393 composite?
False
Is 90931 a prime number?
True
Is 86107 a prime number?
False
Is 445829 a prime number?
True
Is 72997 composite?
False
Is 59377 composite?
False
Is 7741 prime?
True
Is 71101 composite?
True
Is 6407 a prime number?
False
Is 17687 prime?
False
Is 2633 a prime number?
True
Is 2609 a composite number?
False
Is 1620733 composite?
False
Is 7352447 prime?
True
Is 258373 prime?
True
Is 2963 prime?
True
Is 6247 prime?
True
Is 3163 composite?
False
Is 23417 a prime number?
True
Is 35671 a composite number?
False
Is 579 composite?
True
Is 531129 a composite number?
True
Is 387037 prime?
False
Is 80365 composite?
True
Is 78783 a composite number?
True
Is 28073 prime?
False
Is 123949 a composite number?
True
Is 3389 composite?
False
Is 16291 prime?
False
Is 120293 prime?
True
Is 37087 prime?
True
Is 5263 prime?
False
Is 2819 composite?
False
Is 372869 a composite number?
True
Is 59999 prime?
True
Is 46979 a prime number?
False
Is 36263 composite?
False
Is 2503 prime?
True
Is 189481 prime?
False
Is 128147 a composite number?
False
Is 132953 a composite number?
False
Is 6523 prime?
False
Is 24313 prime?
False
Is 3611 a prime number?
False
Is 19733 prime?
False
Is 24239 composite?
False
Is 107013 prime?
False
Is 479 a composite number?
False
Is 502217 prime?
True
Is 230855 prime?
False
Is 744071 prime?
True
Is 23861 prime?
False
Is 11909 composite?
False
Is 33227 a composite number?
True
Is 497659 composite?
False
Is 369407 prime?
True
Is 4181 a composite number?
True
Is 21269 composite?
False
Is 358007 a prime number?
False
Is 57181 prime?
False
Is 517571 prime?
True
Is 2437 composite?
False
Is 6051 prime?
False
Is 10421 prime?
False
Is 2376031 prime?
False
Is 538751 a composite number?
False
Is 14757 a composite number?
True
Is 3643 a composite number?
False
Is 5711 a composite number?
False
Is 58361 prime?
False
Is 11279 composite?
False
Is 3545 composite?
True
Is 505811 a prime number?
True
Is 56891 prime?
True
Is 1098483 a prime number?
False
Is 525359 a composite number?
False
Is 372397 composite?
False
Is 117329 composite?
False
Is 153247 composite?
False
Is 75059 a prime number?
False
Is 13633 prime?
True
Is 217157 a prime number?
True
Is 10259 composite?
False
Is 39929 a prime number?
True
Is 42095 a prime number?
False
Is 295637 prime?
False
Is 22051 prime?
True
Is 25663 composite?
True
Is 19259 composite?
False
Is 41057 composite?
False
Is 534355 a prime number?
False
Is 6074 a composite number?
True
Is 20593 a prime number?
True
Is 64837 composite?
True
Is 201651 a prime number?
False
Is 1053007 composite?
False
Is 22613 prime?
True
Is 268747 composite?
False
Is 5759 composite?
True
Is 104507 composite?
True
Is 371809 composite?
True
Is 25613 composite?
True
Is 581753 prime?
True
Is 305839 a composite number?
False
Is 277073 a composite number?
False
Is 2489 a prime number?
False
Is 112741 composite?
False
Is 710441 a prime number?
True
Is 1950361 composite?
True
Is 13367 a prime number?
True
Is 19531 a prime number?
True
Is 25013 composite?
False
Is 517 a prime number?
False
Is 58129 prime?
True
Is 4201 a prime number?
True
Is 20245 a prime number?
False
Is 446863 a prime number?
True
Is 9151 a prime number?
True
Is 3659 prime?
True
Is 175886 composite?
True
Is 40805 composite?
True
Is 442889 a prime number?
False
Is 65213 a prime number?
True
Is 130309 a prime number?
False
Is 17047 composite?
False
Is 745727 a composite number?
False
Is 14857 a composite number?
True
Is 67861 prime?
False
Is 17337 composite?
True
Is 41077 a composite number?
False
Is 18899 composite?
False
Is 1087 prime?
True
Is 11861 composite?
True
Is 4267 a composite number?
True
Is 6761 composite?
False
Is 2056069 a prime number?
True
Is 18113 a prime number?
False
Is 215723 a composite number?
False
Is 507635 composite?
True
Is 1043 a prime number?
False
Is 719 a prime number?
True
Is 85807 prime?
False
Is 1282031 prime?
True
Is 134065 composite?
True
Is 652811 a prime number?
True
Is 29483 composite?
False
Is 701 a prime number?
True
Is 1237165 composite?
True
Is 15479 prime?
False
Is 105167 prime?
True
Is 793493 prime?
True
Is 1061 a prime number?
True
Is 7799 prime?
False
Is 2099 prime?
True
Is 9287 prime?
False
Is 1076195 prime?
False
Is 7249 a prime number?
False
Is 4193563 a composite number?
True
Is 20759 a composite number?
False
Is 6353 prime?
True
Is 8203 a prime number?
False
Is 96505 composite?
True
Is 82609 composite?
False
Is 140813 composite?
False
Is 27413 composite?
True
Is 647 a composite number?
False
Is 9029 a composite number?
False
Is 24943 a composite number?
False
Is 52627 composite?
False
Is 16231 a prime number?
True
Is 232433 prime?
True
Is 80635 composite?
True
Is 1219 a prime number?
False
Is 934579 a prime number?
True
Is 1516279 composite?
False
Is 98191 composite?
True
Is 7079 prime?
True
Is 61853 prime?
False
Is 5311 prime?
False
Is 4269 prime?
False
Is 606559 prime?
True
Is 14401 a composite number?
False
Is 